posite?
True
Is 8977 a prime number?
False
Is 95905 a composite number?
True
Is 12143 composite?
False
Is 14113 prime?
False
Is 305291 a composite number?
True
Is 138449 composite?
False
Is 29947 prime?
True
Is 23719 composite?
False
Is 3722 a composite number?
True
Is 19949 a composite number?
False
Is 86057 a prime number?
False
Is 85639 a prime number?
True
Is 152155 a composite number?
True
Is 205651 a composite number?
False
Is 60185 a prime number?
False
Is 169987 composite?
False
Is 1097 prime?
True
Is 471005 composite?
True
Is 247463 a composite number?
False
Is 173281 prime?
False
Is 321601 a prime number?
False
Is 784171 a composite number?
False
Is 438397 prime?
False
Is 3653031 a prime number?
False
Is 65693 a prime number?
False
Is 24019 composite?
False
Is 1931 prime?
True
Is 9235 a prime number?
False
Is 77929 prime?
True
Is 2911 prime?
False
Is 236843 prime?
False
Is 631 a composite number?
False
Is 126851 prime?
True
Is 106345 a composite number?
True
Is 473399 a prime number?
False
Is 14491 a prime number?
False
Is 25133 a composite number?
True
Is 1621699 a composite number?
False
Is 358973 prime?
True
Is 11677 prime?
True
Is 5097647 prime?
True
Is 448451 composite?
False
Is 39607 a composite number?
False
Is 275966 a prime number?
False
Is 860887 prime?
True
Is 88169 a composite number?
False
Is 54449 composite?
False
Is 1673 a prime number?
False
Is 73121 a composite number?
False
Is 417293 a prime number?
True
Is 56591 a prime number?
True
Is 30311 prime?
False
Is 1069 a prime number?
True
Is 38989 prime?
False
Is 48731 a composite number?
False
Is 46147 composite?
False
Is 694867 a composite number?
False
Is 29123 a prime number?
True
Is 24281 composite?
False
Is 152597 a prime number?
True
Is 454 composite?
True
Is 455573 a composite number?
False
Is 8059 a composite number?
False
Is 300686 a prime number?
False
Is 42433 a composite number?
False
Is 667 composite?
True
Is 10238 a composite number?
True
Is 12997 a prime number?
False
Is 317818 prime?
False
Is 11851 prime?
False
Is 315457 prime?
False
Is 566257 a prime number?
False
Is 22915 composite?
True
Is 47191 composite?
True
Is 839 a prime number?
True
Is 6449 a composite number?
False
Is 3309 prime?
False
Is 54109 a composite number?
True
Is 250366 a composite number?
True
Is 80141 composite?
False
Is 135419 prime?
False
Is 4763 a composite number?
True
Is 965669 prime?
False
Is 649205 prime?
False
Is 71663 a prime number?
True
Is 2729 a prime number?
True
Is 686249 prime?
False
Is 12431 a prime number?
False
Is 27661 a composite number?
True
Is 74267 a composite number?
True
Is 18287 a composite number?
False
Is 1615211 prime?
False
Is 4511 prime?
False
Is 28939 prime?
False
Is 16593 a composite number?
True
Is 3899 composite?
True
Is 22757 composite?
True
Is 170987 a prime number?
False
Is 93301 a composite number?
True
Is 336397 prime?
True
Is 8402 composite?
True
Is 32531 a composite number?
False
Is 723791 prime?
True
Is 390791 composite?
False
Is 127 prime?
True
Is 117022 prime?
False
Is 6769 a composite number?
True
Is 33287 prime?
True
Is 352039 prime?
False
Is 64763 a composite number?
False
Is 91937 composite?
True
Is 16811 a composite number?
False
Is 259547 a composite number?
False
Is 101341 prime?
True
Is 30773 a composite number?
False
Is 15727 composite?
False
Is 3344959 prime?
False
Is 833171 composite?
False
Is 23143 composite?
False
Is 7513 a composite number?
True
Is 393982 composite?
True
Is 16787 a composite number?
False
Is 292301 a composite number?
False
Is 9371 a prime number?
True
Is 22081 a composite number?
True
Is 51 a composite number?
True
Is 1399813 a composite number?
False
Is 952541 a composite number?
False
Is 3594863 a prime number?
True
Is 13303 a prime number?
False
Is 6907 prime?
True
Is 121003 prime?
False
Is 248467 a prime number?
False
Is 3720707 composite?
False
Is 2511191 composite?
True
Is 1147 a prime number?
False
Is 424703 composite?
True
Is 161617 composite?
True
Is 1927 prime?
False
Is 29243 composite?
False
Is 112667 a composite number?
True
Is 894755 composite?
True
Is 904067 composite?
False
Is 4513 composite?
False
Is 22691 composite?
False
Is 463 composite?
False
Is 18989 a prime number?
False
Is 393259 prime?
False
Is 419 prime?
True
Is 59117 prime?
False
Is 59195 composite?
True
Is 22901 composite?
False
Is 45817 prime?
True
Is 74377 composite?
False
Is 3199 a composite number?
True
Is 89066 prime?
False
Is 42803 composite?
True
Is 292441 a composite number?
False
Is 16811 composite?
False
Is 28617 prime?
False
Is 19235 composite?
True
Is 94871 a prime number?
False
Is 100103 prime?
True
Is 767029 composite?
False
Is 654207 composite?
True
Is 301 a prime number?
False
Is 2217 a composite number?
True
Is 16811 prime?
True
Is 118819 a prime number?
True
Is 12007 composite?
False
Is 104153 a prime number?
False
Is 113433 composite?
True
Is 9763 a composite number?
True
Is 15859 a composite number?
False
Is 1373 prime?
True
Is 573719 prime?
True
Is 3777 composite?
True
Is 13253 a composite number?
True
Is 1641 a composite number?
True
Is 113557 a composite number?
False
Is 9659 a composite number?
True
Is 12743 prime?
True
Is 6883 composite?
False
Is 1977809 prime?
True
Is 10347 prime?
False
Is 46313 a composite number?
True
Is 219973 prime?
False
Is 1261 prime?
False
Is 1543 a prime number?
True
Is 61627 prime?
True
Is 2060749 prime?
True
Is 1052111 a composite number?
False
Is 51239 a prime number?
True
Is 457889 a prime number?
True
Is 12953 prime?
True
Is 26813 prime?
True
Is 68633 a composite number?
False
Is 54709 prime?
True
Is 202817 composite?
False
Is 3281 a prime number?
False
Is 306643 prime?
True
Is 1903441 prime?
True
Is 865 a prime number?
False
Is 1538 a prime number?
False
Is 20681 composite?
False
Is 35023 prime?
True
Is 870211 prime?
True
Is 337979 a composite number?
True
Is 1646609 composite?
False
Is 538 a composite number?
True
Is 1973 a composite number?
False
Is 19733 a prime number?
False
Is 319541 a composite number?
False
Is 6371 composite?
True
Is 148357 prime?
False
Is 63299 a prime number?
True
Is 1009 prime?
True
Is 1271065 a prime number?
False
Is 171239 a prime number?
False
Is 186118 prime?
False
Is 8551 composite?
True
Is 207227 a prime number?
True
Is 5639 prime?
True
Is 72019 composite?
False
Is 894341 a composite number?
True
Is 3217 a composite number?
False
Is 47638 composite?
True
Is 2363 a composite number?
True
Is 1476681 prime?
False
Is 575983 prime?
False
Is 47933 composite?
False
Is 103699 a prime number?
True
Is 149743 a composite number?
True
Is 33257 composite?
True
Is 148331 a composite number?
False
Is 28643 a composite number?
False
Is 783669 a composite number?
True
Is 379 a composite number?
False
Is 742111 a prime number?
True
Is 440585 a composite number?
True
Is 4337 prime?
True
Is 70271 prime?
True
Is 52963 a composite number?
False
Is 56939 composite?
True
Is 32707 prime?
True
Is 23383 prime?
False
Is 1735 prime?
False
Is 1515541 prime?
True
Is 10289 a prime number?
True
Is 144031 a prime number?
True
Is 1471 a composite number?
False
Is 255031 a composite number?
True
Is 139982 composite?
True
Is 17681 composite?
False
Is 5297 prime?
True
Is 1294711 a composite number?
True
Is 1902737 composite?
False
Is 1215233 a composite number?
True
Is 1327307 a composite number?
True
Is 1166287 composite?
False
Is 14647 composite?
True
Is 6059 prime?
False
Is 892082 a prime number?
False
Is 2153 prime?
True
Is 4039 prime?
False
Is 4963 a composite number?
True
Is 7311 prime?
False
Is 213281 a prime number?
True
Is 285295 prime?
False
Is 42857 a prime number?
False
Is 513239 composite?
False
Is 2577329 a composite number?
False
Is 1277 composite?
False
Is 118967 composite?
False
Is 3947 prime?
True
Is 16811 composite?
False
Is 3946837 composite?
False
Is 100003 prime?
True
Is 1777 prime?
True
Is 8465 composite?
True
Is 3236579 prime?
False
Is 5833 a composite number?
True
Is 13733 prime?
False
Is 131827 a prime number?
False
Is 3787 prime?
False
Is 4861 prime?
True
Is 104827 a composite number?
False
Is 749069 composite?
False
Is 154149 a composite number?
True
Is 81547 composite?
False
Is 859126 composite?
True
Is 16871 a composite number?
False
Is 593353 a 